{"id":19601,"date":"2024-11-14T15:00:23","date_gmt":"2024-11-14T15:00:23","guid":{"rendered":"https:\/\/brand.nordicprojekt.com\/?page_id=19601"},"modified":"2024-12-04T16:41:13","modified_gmt":"2024-12-04T16:41:13","slug":"multifocal","status":"publish","type":"page","link":"https:\/\/brand.nordicprojekt.com\/index.php\/multifocal\/","title":{"rendered":"Multifocal"},"content":{"rendered":"<div class=\"wpb-content-wrapper\"><p>[vc_row css_animation=\u00bb\u00bb row_type=\u00bbrow\u00bb use_row_as_full_screen_section=\u00bbno\u00bb type=\u00bbfull_width\u00bb angled_section=\u00bbno\u00bb text_align=\u00bbleft\u00bb background_image_as_pattern=\u00bbwithout_pattern\u00bb][vc_column][vc_empty_space height=\u00bb105px\u00bb][vc_row_inner row_type=\u00bbrow\u00bb type=\u00bbgrid\u00bb text_align=\u00bbleft\u00bb css_animation=\u00bb\u00bb][vc_column_inner width=\u00bb1\/2&#8243;][vc_empty_space height=\u00bb70px\u00bb][vc_column_text css=\u00bb\u00bb]\u00bfTrabajas frente a una pantalla pero tambi\u00e9n debes interactuar con clientes, pacientes, compa\u00f1eros&#8230;etc?<\/p>\n<p>Las gafas de la colecci\u00f3n multifocal cuentan con una graduaci\u00f3n diferente seg\u00fan la distancia a la que tus ojos vean:<\/p>\n<ul>\n<li>Graduaci\u00f3n de presbicia para lectura: para una distancia de entre 30 y 40 cent\u00edmetros.<\/li>\n<li>Graduaci\u00f3n intermedia para el ordenador: entre 40 y 90 cent\u00edmetros.<\/li>\n<li>Sin graduaci\u00f3n para interactuar: a m\u00e1s de 1 metro de distancia.<\/li>\n<\/ul>\n<p>Caracter\u00edsticas t\u00e9cnicas de las lentes:<\/p>\n<ul>\n<li>Lentes org\u00e1nicas asf\u00e9ricas.<\/li>\n<li>Tratamiento antirreflejante.<\/li>\n<li>Transmitancia (mayor nitidez)<\/li>\n<li>Absorci\u00f3n de luz azul<\/li>\n<li>Recubrimiento hidr\u00f3fugo<\/li>\n<li>Protecci\u00f3n UV 400<\/li>\n<li>Tratamiento de dureza extra<\/li>\n<\/ul>\n<p>[\/vc_column_text][vc_empty_space][\/vc_column_inner][vc_column_inner width=\u00bb1\/2&#8243;][vc_single_image image=\u00bb19604&#8243; img_size=\u00bbfull\u00bb alignment=\u00bbcenter\u00bb css=\u00bb\u00bb qode_css_animation=\u00bb\u00bb][\/vc_column_inner][\/vc_row_inner][vc_empty_space][vc_row_inner row_type=\u00bbrow\u00bb type=\u00bbfull_width\u00bb text_align=\u00bbleft\u00bb css_animation=\u00bb\u00bb][vc_column_inner width=\u00bb1\/4&#8243;][vc_empty_space height=\u00bb50px\u00bb]<div class=\"custom_font_holder \" style=\" font-style: normal; font-weight: 400; text-decoration: none; text-align: left; --qode-cf-font-size: 15px; --qode-cf-line-height: 26px; --qode-cf-font-size-1440: 15px; --qode-cf-line-height-1440: 26px; --qode-cf-font-size-1366: 15px; --qode-cf-line-height-1366: 26px; --qode-cf-font-size-1280: 15px; --qode-cf-line-height-1280: 26px; --qode-cf-font-size-1024: 15px; --qode-cf-line-height-1024: 26px; --qode-cf-font-size-768: 15px; --qode-cf-line-height-768: 26px; --qode-cf-font-size-680: 15px; --qode-cf-line-height-680: 26px; --qode-cf-font-size-480: 15px; --qode-cf-line-height-480: 26px;\">\n<p style=\"text-align: center;\">Voss<\/p>\n<\/div>[vc_gallery interval=\u00bb3&#8243; images=\u00bb19623,19624,19625,19626&#8243; img_size=\u00bbfull\u00bb css=\u00bb\u00bb]<a  itemprop=\"url\" href=\"https:\/\/brand.nordicprojekt.com\/wp-content\/uploads\/2024\/12\/Voss.zip\" target=\"_self\"  class=\"qbutton  default\" style=\"\">Descargar Im\u00e1genes<\/a>[vc_empty_space height=\u00bb77px\u00bb][\/vc_column_inner][vc_column_inner width=\u00bb1\/4&#8243;][vc_empty_space height=\u00bb50px\u00bb]<div class=\"custom_font_holder \" style=\" font-style: normal; font-weight: 400; text-decoration: none; text-align: left; --qode-cf-font-size: 15px; --qode-cf-line-height: 26px; --qode-cf-font-size-1440: 15px; --qode-cf-line-height-1440: 26px; --qode-cf-font-size-1366: 15px; --qode-cf-line-height-1366: 26px; --qode-cf-font-size-1280: 15px; --qode-cf-line-height-1280: 26px; --qode-cf-font-size-1024: 15px; --qode-cf-line-height-1024: 26px; --qode-cf-font-size-768: 15px; --qode-cf-line-height-768: 26px; --qode-cf-font-size-680: 15px; --qode-cf-line-height-680: 26px; --qode-cf-font-size-480: 15px; --qode-cf-line-height-480: 26px;\">\n<p style=\"text-align: center;\">Laholm<\/p>\n<\/div>[vc_gallery interval=\u00bb3&#8243; images=\u00bb19628,19629,19610,19611&#8243; img_size=\u00bbfull\u00bb css=\u00bb\u00bb]<a  itemprop=\"url\" href=\"https:\/\/brand.nordicprojekt.com\/wp-content\/uploads\/2024\/12\/Laholm_.zip\" target=\"_self\"  class=\"qbutton  default\" style=\"\">Descargar Im\u00e1genes<\/a>[vc_empty_space height=\u00bb77px\u00bb][\/vc_column_inner][vc_column_inner width=\u00bb1\/4&#8243;][vc_empty_space height=\u00bb50px\u00bb]<div class=\"custom_font_holder \" style=\" font-style: normal; font-weight: 400; text-decoration: none; text-align: left; --qode-cf-font-size: 15px; --qode-cf-line-height: 26px; --qode-cf-font-size-1440: 15px; --qode-cf-line-height-1440: 26px; --qode-cf-font-size-1366: 15px; --qode-cf-line-height-1366: 26px; --qode-cf-font-size-1280: 15px; --qode-cf-line-height-1280: 26px; --qode-cf-font-size-1024: 15px; --qode-cf-line-height-1024: 26px; --qode-cf-font-size-768: 15px; --qode-cf-line-height-768: 26px; --qode-cf-font-size-680: 15px; --qode-cf-line-height-680: 26px; --qode-cf-font-size-480: 15px; --qode-cf-line-height-480: 26px;\">\n<p style=\"text-align: center;\">Ness<\/p>\n<\/div>[vc_gallery interval=\u00bb3&#8243; images=\u00bb19613,19614,19615,19616&#8243; img_size=\u00bbfull\u00bb css=\u00bb\u00bb]<a  itemprop=\"url\" href=\"https:\/\/brand.nordicprojekt.com\/wp-content\/uploads\/2024\/12\/Ness.zip\" target=\"_self\"  class=\"qbutton  default\" style=\"\">Descargar Im\u00e1genes<\/a>[vc_empty_space height=\u00bb77px\u00bb][\/vc_column_inner][vc_column_inner width=\u00bb1\/4&#8243;][vc_empty_space height=\u00bb50px\u00bb]<div class=\"custom_font_holder \" style=\" font-style: normal; font-weight: 400; text-decoration: none; text-align: left; --qode-cf-font-size: 15px; --qode-cf-line-height: 26px; --qode-cf-font-size-1440: 15px; --qode-cf-line-height-1440: 26px; --qode-cf-font-size-1366: 15px; --qode-cf-line-height-1366: 26px; --qode-cf-font-size-1280: 15px; --qode-cf-line-height-1280: 26px; --qode-cf-font-size-1024: 15px; --qode-cf-line-height-1024: 26px; --qode-cf-font-size-768: 15px; --qode-cf-line-height-768: 26px; --qode-cf-font-size-680: 15px; --qode-cf-line-height-680: 26px; --qode-cf-font-size-480: 15px; --qode-cf-line-height-480: 26px;\">\n<p style=\"text-align: center;\">Orsa<\/p>\n<\/div>[vc_gallery interval=\u00bb3&#8243; images=\u00bb19618,19619,19620,19621&#8243; img_size=\u00bbfull\u00bb css=\u00bb\u00bb]<a  itemprop=\"url\" href=\"https:\/\/brand.nordicprojekt.com\/wp-content\/uploads\/2024\/12\/Orsa.zip\" target=\"_self\"  class=\"qbutton  default\" style=\"\">Descargar Im\u00e1genes<\/a>[vc_empty_space height=\u00bb77px\u00bb][\/vc_column_inner][\/vc_row_inner][\/vc_column][\/vc_row]<\/p>\n<\/div>","protected":false},"excerpt":{"rendered":"<p>[vc_row css_animation=\u00bb\u00bb row_type=\u00bbrow\u00bb use_row_as_full_screen_section=\u00bbno\u00bb type=\u00bbfull_width\u00bb angled_section=\u00bbno\u00bb text_align=\u00bbleft\u00bb background_image_as_pattern=\u00bbwithout_pattern\u00bb][vc_column][vc_empty_space height=\u00bb105px\u00bb][vc_row_inner row_type=\u00bbrow\u00bb type=\u00bbgrid\u00bb text_align=\u00bbleft\u00bb css_animation=\u00bb\u00bb][vc_column_inner width=\u00bb1\/2&#8243;][vc_empty_space height=\u00bb70px\u00bb][vc_column_text css=\u00bb\u00bb]\u00bfTrabajas frente a una pantalla pero tambi\u00e9n debes interactuar con clientes, pacientes, compa\u00f1eros&#8230;etc? Las gafas de la colecci\u00f3n multifocal cuentan con una graduaci\u00f3n diferente seg\u00fan la distancia a la que&#8230;<\/p>\n","protected":false},"author":1,"featured_media":0,"parent":0,"menu_order":0,"comment_status":"closed","ping_status":"closed","template":"full_width.php","meta":{"footnotes":""},"class_list":["post-19601","page","type-page","status-publish","hentry"],"_links":{"self":[{"href":"https:\/\/brand.nordicprojekt.com\/index.php\/wp-json\/wp\/v2\/pages\/19601","targetHints":{"allow":["GET"]}}],"collection":[{"href":"https:\/\/brand.nordicprojekt.com\/index.php\/wp-json\/wp\/v2\/pages"}],"about":[{"href":"https:\/\/brand.nordicprojekt.com\/index.php\/wp-json\/wp\/v2\/types\/page"}],"author":[{"embeddable":true,"href":"https:\/\/brand.nordicprojekt.com\/index.php\/wp-json\/wp\/v2\/users\/1"}],"replies":[{"embeddable":true,"href":"https:\/\/brand.nordicprojekt.com\/index.php\/wp-json\/wp\/v2\/comments?post=19601"}],"version-history":[{"count":8,"href":"https:\/\/brand.nordicprojekt.com\/index.php\/wp-json\/wp\/v2\/pages\/19601\/revisions"}],"predecessor-version":[{"id":19657,"href":"https:\/\/brand.nordicprojekt.com\/index.php\/wp-json\/wp\/v2\/pages\/19601\/revisions\/19657"}],"wp:attachment":[{"href":"https:\/\/brand.nordicprojekt.com\/index.php\/wp-json\/wp\/v2\/media?parent=19601"}],"curies":[{"name":"wp","href":"https:\/\/api.w.org\/{rel}","templated":true}]}}